 0 = u - 2*a + 8. Let n(r) = 3*r**2 - r. Let c be n(-1). Suppose -w + 42 = c*m, -4*m - 3*w + 38 = -u*m. What is the tens digit of m?
1
Suppose 4*y - 16 = 0, -g - 2*y + y - 365 = 0. What is the tens digit of g/(-3*1) - (0 + 0)?
2
Suppose 0 = 16*o + 7*o - 15318. What is the units digit of o?
6
Let k(o) = o**3 - 11*o**2 + 7*o - 19. Let u be k(11). Suppose -u = -y + 31. What is the units digit of y?
9
What is the hundreds digit of 9/(-21) + 6418/14?
4
Let q = 35 + -61. What is the units digit of (q/6)/(1/(-12))?
2
Suppose 3*c = 36 - 6. Let h = c - 5. Suppose 2*s - h*l = 85, -3*s + 56 = 2*l - 43. What is the units digit of s?
5
Let a be -1*(-94 + 4 + -5). Let o = a + -541. What is the tens digit of 10/45 - o/18?
2
Let s be (-4 - -2)*(-2 + 2 - 72). Suppose -2*i + s = -20. What is the tens digit of i?
8
Suppose 0 = -5*o - 2*u + 1597 + 2873, -3*u - 894 = -o. What is the hundreds digit of o?
8
Let m(n) = n**3 - 7*n**2 + 2*n - 4. Let b be m(3). Let a = b - -70. What is the units digit of (a/60)/((-2)/(-50))?
5
Let x = 394 + -146. Suppose 5*g = g + x. What is the units digit of g?
2
Let a(g) = -g + 1. Let p(r) = -2*r + 12. Let d(y) = -3*a(y) + p(y). Let o be d(-7). What is the tens digit of 10 + o/(-2) + 2?
1
Let s(m) = 7*m**2 + 27*m + 31. What is the units digit of s(8)?
5
Let r be (4/3)/(4/(-18)). What is the hundreds digit of ((-96)/4)/r + 1 + 222?
2
Let s(d) be the first derivative of -9/2*d**2 + 8 - 2*d. What is the tens digit of s(-2)?
1
Let k be ((-2 - 0)/(-1))/(1/119). Suppose -k - 146 = -4*t. What is the units digit of t?
6
Suppose -3*j + 4*r - 4 = -9, -2*j - 2*r = 20. Let w = 8 + j. Suppose 25 = 2*d + w*d. What is the units digit of d?
5
What is the thousands digit of (32 + -2)*8979/205?
1
Let a(u) = -u + 5. Suppose -23*s + 22*s = -2. Let t be a(s). Suppose -3*m = 5*v - 215, t*v - 158 = -0*v + 4*m. What is the units digit of v?
6
Suppose 0 = 3*r + 113 + 40. What is the units digit of 6/r + 2728/68?
0
Let w = -246 - -482. Let l be (-16 - 2)/(2/(-3)). Suppose 31*o - w = l*o. What is the units digit of o?
9
Let x be 11/3 + (-20)/30. Suppose x = -s - 2. What is the units digit of 244/10 - (-2)/s?
4
Let h = 34 + -29. Suppose -h*d - 83 = -5*i + 217, 5*i + 4*d - 318 = 0. What is the units digit of i?
2
Let p = -97 + 175. Let j = 136 - p. What is the tens digit of j?
5
Let o = 106 - 10. Suppose 0 = -2*z + o + 6. What is the tens digit of z?
5
Let k(d) = -7*d - 15. Let p(j) = -3*j - 7. Let v(s) = 6*k(s) - 13*p(s). What is the units digit of v(-6)?
9
Suppose x + 8 = -5*p, -2*p + 6 = -2*x + 2. What is the units digit of (x + -1 + -73)*-1?
7
Suppose 0 = 6*u - 2929 - 461. What is the tens digit of u?
6
Let k = -133 + 356. What is the units digit of k?
3
Suppose 2*c - 5*z - 59 = 2596, -2*z - 6 = 0. What is the hundreds digit of c?
3
Suppose -5*b + 112 + 83 = 0. Let v = b + 16. What is the tens digit of v?
5
Suppose y + 65 = 3*w - 0*y, 4*y - 55 = -3*w. Suppose -60 = -9*a + w. What is the units digit of a?
9
Suppose -3*f + 1313 = -l, 6*l - l - 1301 = -3*f. What is the units digit of f?
7
Let p = -98 - -1166. What is the thousands digit of p?
1
Suppose 2*w - 2*u = -5282, -2*w + w + 3*u = 2649. What is the tens digit of ((-32)/104)/(-2) - w/13?
0
Let z be 4*(-7)/(21/(-18)). Let h be (-103)/(-6) - 4/z. Suppose 0 = 16*k - h*k + 16. What is the units digit of k?
6
What is the hundreds digit of (-4)/(-2) + (-4 - 2*-376)?
7
What is the thousands digit of 18/(-171) - 147294/(-57)?
2
What is the hundreds digit of ((-520)/6)/(-8 - 242/(-33))?
1
What is the hundreds digit of (8/(-32))/(-4 - (-25245)/6312)?
5
Let u = 6 + 6. Let m = u - 4. Let d(i) = i**2 - 5*i - 8. What is the tens digit of d(m)?
1
Suppose -2*p - 4 + 6 = 0. What is the tens digit of p/(1/66) - 1?
6
Suppose 31*m + m = 33664. What is the thousands digit of m?
1
Let c(l) = -l**2 - 22*l - 21. Suppose 4*o + k + 49 = 7, 0 = 3*o + 5*k + 23. What is the hundreds digit of c(o)?
1
What is the thousands digit of (-319 - -4)*544/(-48)?
3
Suppose -226*u + 232*u - 1308 = 0. What is the units digit of u?
8
What is the hundreds digit of ((-12)/(-42)*295)/(2/14)?
5
Let p(u) = u**3 - 6*u**2 + 3*u - 5. Suppose 5*h = -4*c + 9 - 4, 0 = 5*c + 4*h - 13. Let n be p(c). What is the tens digit of n/(-6)*(-26)/(-5)?
1
Suppose 10 = 4*z - 2. Suppose z*t + 86 = 5*t. What is the units digit of t?
3
Let j(t) = 363*t**3 + 2*t - 1. Let f be j(1). Suppose f = 10*w - 576. What is the units digit of w?
4
Let i be 1*(-5 - 20/(-5)). Let h(t) = 113*t**2 + 2*t. What is the tens digit of h(i)?
1
Let q be 0*1/4 - 6/(-3). Suppose 3*d - 415 = -q*j, 5*d + 8*j = 4*j + 693. What is the units digit of d?
7
Let o = -590 - -708. What is the units digit of o?
8
What is the tens digit of (-2)/(-20) + 15806/140?
1
Let o(m) = -m**2 - 4*m + 14. Let p(h) = -2*h**2 - 8*h + 27. Let c(w) = 5*o(w) - 3*p(w). What is the tens digit of c(-9)?
3
Suppose 5*f = 2*j - 33 - 158, 2*f = -2. What is the units digit of j?
3
Let r(m) = -m - 21. Let y be r(0). Let c = -36 - y. Let b = c + 17. What is the units digit of b?
2
Let s(t) = t**2 + 3*t + 74. Let h be s(0). Suppose -294 = -2*w + h. What is the hundreds digit of w?
1
Let s be ((-9)/15)/((-2)/10). Suppose u + 13 = -5*f + f, 4*u = s*f + 24. What is the units digit of f/(-4) - (-30 - 0)?
1
Suppose -147 = 4*u - u. Let d = u + 81. What is the tens digit of d?
3
Let q be 1 + 12/4 + -1. Suppose -3*w = t - 6, q*t - 2 = -5*w + 4. What is the tens digit of ((-46)/(-3))/((-2)/t)?
2
What is the hundreds digit of (276 + -278)*1/2*-679?
6
Suppose 0 = -9*b + 7196 - 1571. What is the units digit of b?
5
What is the thousands digit of 345/(-50) + 7 + 52038/20?
2
What is the units digit of (-586 - -6)/(-1 - 1)?
0
Suppose 0 = 5*s - 5*f + 8 + 7, 0 = -4*s - 4*f + 12. Suppose -3*j = -s*j - 33. What is the tens digit of j?
1
Let h(c) = -22*c + 18. Let x be h(-2). Suppose -z = -85 + x. What is the tens digit of z?
2
Let p(i) = i**3 + 4*i**2 - i - 5. Let k be p(-4). Let v(h) = -h**3 - 2*h - 1. Let t be v(k). What is the tens digit of 13 + (-4 + t)/2?
1
Suppose 49 + 4 = p. Suppose -4*q = l - p, 5*l - 206 - 113 = -2*q. What is the tens digit of l?
6
Suppose -o + 2 = -0*o, -3*y + 506 = 4*o. What is the units digit of y?
6
Let b be 5/10*0/1. Let m be (2 + (-9)/6)*b. Suppose -5*r = -m - 5. What is the units digit of r?
1
Suppose 103 = -n - 0*n. Let q = n - -214. What is the hundreds digit of q?
1
Suppose 17*x + 9 = 20*x. Suppose -x*n = -110 - 262. What is the hundreds digit of n?
1
Suppose 95 = -2*d + 21. Suppose 0*o + 3*o = -4*i - 85, -4*i - 75 = 5*o. Let b = i - d. What is the units digit of b?
2
Let z = 166 - 46. Suppose -3*n + 20 = 5*q, -2*q + 3*n + 0*n = -8. Suppose 3*c = -5*w + z, -q*c + 160 = c - 5*w. What is the units digit of c?
5
Suppose 0 = -c - 1, -w = -184*c + 188*c - 4788. What is the hundreds digit of w?
7
Let z(i) = -40*i + 17. Let x = -69 + 64. What is the hundreds digit of z(x)?
2
Let u(b) be the first derivative of b**4/4 - 2*b**3 - b**2 + 19*b + 12. What is the tens digit of u(8)?
3
Let j(u) = 1 - u + 2*u - 1. Let n be j(2). Suppose f - 34 = -2*o, n*o - 7*o = f - 85. What is the units digit of o?
7
What is the thousands digit of (-350)/280 + 11498/8?
1
Let x(c) = c**3 + 4*c**2 - 8*c + 7. Let f be x(-5). Suppose -17*n + f*n = 85. What is the tens digit of n?
1
Let r = -547 + 572. What is the units digit of r?
5
Suppose 0 = 9*p - 344 + 317. What is the units digit of p?
3
Let d = 12313 - 8485. What is the units digit of d?
8
Suppose 14314 = 140*d - 123*d. What is the units digit of d?
2
Suppose 5*l + 3*h = 10, -3*h = -5*l - 0*h + 40. Suppose 4*b - l*b = 4. What is the units digit of -4*1/b - 0?
1
Let l(d) = -2*d + 4. Let r be l(3). What is the tens digit of 1/r*2 - (-273)/3?
9
Let f = -74 + 237. Suppose y - 153 = 5*n, -f = -2*y + y + 3*n. What is the hundreds digit of y?
1
Let l = 29 - -232. What is the tens digit of l?
6
Let d = -250 + 1533. What is the tens digit of d?
8
Let o be (-6)/(5/((-200)/(-15))). Let v(l) = -8*l - 11. What is the hundreds digit of v(o)?
1
Let c(n) = 309*n**2 + n. What is the units digit of c(1)?
0
Suppose c - 54 = 599. What is the tens digit of c?
5
Let d(f) = -f**2 + 4*f + 6. Let w be d(6). Let s be (-53)/(-11) - w/33. Suppose s*y - 97 = 3*z, -2*y + z = -z - 38. What is the units digit of y?
0
Suppos